{"id":146,"date":"2018-06-04T16:05:39","date_gmt":"2018-06-04T16:05:39","guid":{"rendered":"http:\/\/multipurpose.loc\/hotel\/?page_id=146"},"modified":"2021-05-27T22:48:29","modified_gmt":"2021-05-27T20:48:29","slug":"about","status":"publish","type":"page","link":"https:\/\/milenium.info.pl\/index.php\/about\/","title":{"rendered":"Rezerwacja"},"content":{"rendered":"<p>[vc_row][vc_column][stm_spacer height=&#8221;40&#8243; height_tablet=&#8221;30&#8243; height_mobile=&#8221;20&#8243;][\/vc_column][\/vc_row][vc_row equal_height=&#8221;yes&#8221; content_placement=&#8221;middle&#8221; shadow_x_offset=&#8221;0&#8243; shadow_y_offset=&#8221;0&#8243; shadow_blur=&#8221;0&#8243; shadow_spread=&#8221;0&#8243;][vc_column][vc_column_text]<\/p>\n<h4>Wst\u0119pna rezerwacja odbywa si\u0119 telefonicznie pod nr 736 860 367,\u00a0 500 566 491<\/h4>\n<p>Potwierdzeniem rezerwacji jest wp\u0142ata zadatku w wysoko\u015bci 400 z\u0142. Wp\u0142at\u0119 nale\u017cy dokona\u0107 w ci\u0105gu\u00a07 dni, licz\u0105c od momentu rezerwacji telefonicznej. Wp\u0142aty zadatku mo\u017cna dokona\u0107 przelewem na rachunek bankowy:<\/p>\n<h5>Ma\u0142gorzata Witecka<\/h5>\n<h5>Przeskok 4<\/h5>\n<h5 style=\"font-weight: 400;\">72-346 Pobierowo<\/h5>\n<h5 style=\"font-weight: 400;\">Santander Bank Polska<\/h5>\n<h5 style=\"font-weight: 400;\">60 1090 2659 0000 0001 4411 3359<\/h5>\n<p style=\"font-weight: 400;\"><b><strong>Uwaga!\u00a0<\/strong>Przed dokonaniem rezerwacji prosimy o dok\u0142adne zapoznanie si\u0119 z\u00a0<a href=\"https:\/\/milenium.info.pl\/index.php?option=com_content&amp;view=article&amp;id=72&amp;Itemid=489\">regulaminem<\/a>\u00a0obiektu.<\/b><\/p>\n<p style=\"font-weight: 400;\"><b>W przypadku rezygnacji z rezerwacji pobytu kwota wp\u0142aconego zadatku nie podlega zwrotowi.<\/b><\/p>\n<p>[\/vc_column_text][\/vc_column][\/vc_row][vc_row][vc_column][stm_spacer height=&#8221;20&#8243; height_tablet=&#8221;20&#8243; height_mobile=&#8221;10&#8243;][\/vc_column][\/vc_row]<\/p>\n","protected":false},"excerpt":{"rendered":"<p>[vc_row][vc_column][stm_spacer height=&#8221;40&#8243; height_tablet=&#8221;30&#8243; height_mobile=&#8221;20&#8243;][\/vc_column][\/vc_row][vc_row equal_height=&#8221;yes&#8221; content_placement=&#8221;middle&#8221; shadow_x_offset=&#8221;0&#8243; shadow_y_offset=&#8221;0&#8243; shadow_blur=&#8221;0&#8243; shadow_spread=&#8221;0&#8243;][vc_column][vc_column_text] Wst\u0119pna rezerwacja odbywa si\u0119 telefonicznie pod nr 736 860 367,\u00a0 500 566 491 Potwierdzeniem rezerwacji jest wp\u0142ata zadatku w wysoko\u015bci 400 z\u0142. Wp\u0142at\u0119 nale\u017cy dokona\u0107 w ci\u0105gu\u00a07 dni, licz\u0105c od momentu rezerwacji telefonicznej. Wp\u0142aty zadatku mo\u017cna dokona\u0107 przelewem na rachunek bankowy: Ma\u0142gorzata Witecka Przeskok 4 [&hellip;]<\/p>\n","protected":false},"author":1,"featured_media":0,"parent":0,"menu_order":0,"comment_status":"closed","ping_status":"closed","template":"","meta":{"footnotes":""},"class_list":["post-146","page","type-page","status-publish","hentry"],"_links":{"self":[{"href":"https:\/\/milenium.info.pl\/index.php\/wp-json\/wp\/v2\/pages\/146","targetHints":{"allow":["GET"]}}],"collection":[{"href":"https:\/\/milenium.info.pl\/index.php\/wp-json\/wp\/v2\/pages"}],"about":[{"href":"https:\/\/milenium.info.pl\/index.php\/wp-json\/wp\/v2\/types\/page"}],"author":[{"embeddable":true,"href":"https:\/\/milenium.info.pl\/index.php\/wp-json\/wp\/v2\/users\/1"}],"replies":[{"embeddable":true,"href":"https:\/\/milenium.info.pl\/index.php\/wp-json\/wp\/v2\/comments?post=146"}],"version-history":[{"count":12,"href":"https:\/\/milenium.info.pl\/index.php\/wp-json\/wp\/v2\/pages\/146\/revisions"}],"predecessor-version":[{"id":1736,"href":"https:\/\/milenium.info.pl\/index.php\/wp-json\/wp\/v2\/pages\/146\/revisions\/1736"}],"wp:attachment":[{"href":"https:\/\/milenium.info.pl\/index.php\/wp-json\/wp\/v2\/media?parent=146"}],"curies":[{"name":"wp","href":"https:\/\/api.w.org\/{rel}","templated":true}]}}