{"id":41,"date":"2018-05-28T10:23:11","date_gmt":"2018-05-28T10:23:11","guid":{"rendered":"http:\/\/multipurpose.loc\/hotel\/?page_id=41"},"modified":"2018-05-28T10:23:11","modified_gmt":"2018-05-28T10:23:11","slug":"rooms-list","status":"publish","type":"page","link":"https:\/\/milenium.info.pl\/index.php\/rooms-list\/","title":{"rendered":"Rooms"},"content":{"rendered":"<p>[vc_row][vc_column width=&#8221;2\/3&#8243;][vc_column_text]<div class=\"hotelier\">\n    \n<form name=\"hotelier_datepicker\" method=\"post\" id=\"hotelier-datepicker\" class=\"datepicker-form\"\n      action=\"https:\/\/milenium.info.pl\/index.php\/rooms-list-2\/\" enctype=\"multipart\/form-data\">\n\n    <span class=\"datepicker-input-select-wrapper\"><input class=\"datepicker-input-select\" type=\"text\"\n                                                         id=\"hotelier-datepicker-select\" value=\"\"><\/span>\n    <input type=\"text\" id=\"hotelier-datepicker-checkin\" class=\"datepicker-input datepicker-input--checkin\"\n           name=\"checkin\" value=\"2026-04-15\">\n    <input type=\"text\" id=\"hotelier-datepicker-checkout\" class=\"datepicker-input datepicker-input--checkout\"\n           name=\"checkout\" value=\"2026-04-16\">\n\n    \n\n    <p class=\"selected-nights\">nocleg<\/p>\n\n\n    <button type=\"submit\" class=\"btn btn_solid btn_primary btn_icon-right button button--datepicker\" name=\"hotelier_datepicker_button\" id=\"datepicker-button\" ><i class=\"btn__icon stmicon-keyboard_arrow_right\"><\/i>Sprawd\u017a<\/button><\/form>\n\n\n    <form name=\"room_list\" method=\"post\" id=\"form--listing\" class=\"form--listing listing\" enctype=\"multipart\/form-data\">\n\n        \n        \n        <div class=\"stm_wp_hotelier_rooms_list_style_1\">\n\t<div class=\"stm-rooms-list\">\n        \n        \n            \n                            <div class=\"room\">\n                <div class=\"inner\">\n                    <div class=\"room__image\">\n                        <a href=\"https:\/\/milenium.info.pl\/index.php\/rooms\/pokoj-2-osobowy-1-pietro\/\">\n\t\t\t\t\t\t\t<img loading=\"lazy\" decoding=\"async\" srcset=\"https:\/\/milenium.info.pl\/wp-content\/uploads\/2020\/02\/MG_4526-740x420.jpg 2x\" class=\"\" src=\"https:\/\/milenium.info.pl\/wp-content\/uploads\/2020\/02\/MG_4526-370x210.jpg\" width=\"370\" height=\"210\" alt=\"_MG_4526\" title=\"_MG_4526\" \/>                            <div class=\"room__price mbc heading_font\">\n                                <span>220&#122;&#322;<\/span>\/Night                            <\/div>\n                        <\/a>\n                    <\/div>\n\n                    <div class=\"room__content\">\n                        <div class=\"room__title\">\n                            <h3>\n                                <a class=\"ttc no_deco mtc_h\" href=\"https:\/\/milenium.info.pl\/index.php\/rooms\/pokoj-2-osobowy-1-pietro\/\">\n\t\t\t\t\t\t\t\t\tPok\u00f3j 2 osobowy &#8211; 1 pi\u0119tro                                <\/a>\n                            <\/h3>\n                        <\/div>\n                        <div class=\"room__excerpt\">\n\t\t\t\t\t\t\tPok\u00f3j 2 osobowy w funkcjonalny i wygodny spos\u00f3b, zapewnia go\u015bciom komfortowy ...                        <\/div>\n\n\t\t\t\t\t\t\n\n<div class=\"room_info\">\n\t\t\t\t\t\t<div class=\"room_info__single\">\n\t\t\t\t<i class=\"mtc stmicon-guest\"><\/i>\n\t\t\t\t<span class=\"ttc heading_font_family\">2<\/span>\n\t\t\t<\/div>\n\t\t\t\t\t\t\t\t\t\t\t<div class=\"room_info__single\">\n\t\t\t\t<i class=\"mtc stmicon-bed2\"><\/i>\n\t\t\t\t<span class=\"ttc heading_font_family\">80<\/span>\n\t\t\t<\/div>\n\t\t\t\t\t\t\t\t<div class=\"room_info__single\">\n\t\t\t\t<i class=\"mtc stmicon-ruler\"><\/i>\n\t\t\t\t<span class=\"ttc heading_font_family\">18<\/span>\n\t\t\t<\/div>\n\t\t\t<\/div>\n\n                    <\/div>\n                <\/div>\n            <\/div>\n\t\t\t\n            \n                            <div class=\"room\">\n                <div class=\"inner\">\n                    <div class=\"room__image\">\n                        <a href=\"https:\/\/milenium.info.pl\/index.php\/rooms\/pokoj-2-osobowy-2-pietro\/\">\n\t\t\t\t\t\t\t<img loading=\"lazy\" decoding=\"async\" srcset=\"https:\/\/milenium.info.pl\/wp-content\/uploads\/2020\/02\/MG_4571-740x420.jpg 2x\" class=\"\" src=\"https:\/\/milenium.info.pl\/wp-content\/uploads\/2020\/02\/MG_4571-370x210.jpg\" width=\"370\" height=\"210\" alt=\"_MG_4571\" title=\"_MG_4571\" \/>                            <div class=\"room__price mbc heading_font\">\n                                <span>220&#122;&#322;<\/span>\/Night                            <\/div>\n                        <\/a>\n                    <\/div>\n\n                    <div class=\"room__content\">\n                        <div class=\"room__title\">\n                            <h3>\n                                <a class=\"ttc no_deco mtc_h\" href=\"https:\/\/milenium.info.pl\/index.php\/rooms\/pokoj-2-osobowy-2-pietro\/\">\n\t\t\t\t\t\t\t\t\tPok\u00f3j 2 osobowy &#8211; 2 pi\u0119tro                                <\/a>\n                            <\/h3>\n                        <\/div>\n                        <div class=\"room__excerpt\">\n\t\t\t\t\t\t\tPok\u00f3j 2 osobowy w funkcjonalny i wygodny spos\u00f3b, zapewnia go\u015bciom komfortowy ...                        <\/div>\n\n\t\t\t\t\t\t\n\n<div class=\"room_info\">\n\t\t\t\t\t\t<div class=\"room_info__single\">\n\t\t\t\t<i class=\"mtc stmicon-guest\"><\/i>\n\t\t\t\t<span class=\"ttc heading_font_family\">2<\/span>\n\t\t\t<\/div>\n\t\t\t\t\t\t\t\t\t\t\t<div class=\"room_info__single\">\n\t\t\t\t<i class=\"mtc stmicon-bed2\"><\/i>\n\t\t\t\t<span class=\"ttc heading_font_family\">80<\/span>\n\t\t\t<\/div>\n\t\t\t\t\t\t\t\t<div class=\"room_info__single\">\n\t\t\t\t<i class=\"mtc stmicon-ruler\"><\/i>\n\t\t\t\t<span class=\"ttc heading_font_family\">18<\/span>\n\t\t\t<\/div>\n\t\t\t<\/div>\n\n                    <\/div>\n                <\/div>\n            <\/div>\n\t\t\t\n            \n                            <div class=\"room\">\n                <div class=\"inner\">\n                    <div class=\"room__image\">\n                        <a href=\"https:\/\/milenium.info.pl\/index.php\/rooms\/pokoj-23\/\">\n\t\t\t\t\t\t\t<img loading=\"lazy\" decoding=\"async\" srcset=\"https:\/\/milenium.info.pl\/wp-content\/uploads\/2020\/02\/Katalog-bez-nazwy259A86830-740x420.jpg 2x\" class=\"\" src=\"https:\/\/milenium.info.pl\/wp-content\/uploads\/2020\/02\/Katalog-bez-nazwy259A86830-370x210.jpg\" width=\"370\" height=\"210\" alt=\"Katalog bez nazwy259A86830\" title=\"Katalog bez nazwy259A86830\" \/>                            <div class=\"room__price mbc heading_font\">\n                                <span>220&#122;&#322;<\/span>\/Night                            <\/div>\n                        <\/a>\n                    <\/div>\n\n                    <div class=\"room__content\">\n                        <div class=\"room__title\">\n                            <h3>\n                                <a class=\"ttc no_deco mtc_h\" href=\"https:\/\/milenium.info.pl\/index.php\/rooms\/pokoj-23\/\">\n\t\t\t\t\t\t\t\t\tPok\u00f3j 2 osobowy &#8211; parter                                <\/a>\n                            <\/h3>\n                        <\/div>\n                        <div class=\"room__excerpt\">\n\t\t\t\t\t\t\tPok\u00f3j 2 osobowy w funkcjonalny i wygodny spos\u00f3b, zapewnia go\u015bciom komfortowy ...                        <\/div>\n\n\t\t\t\t\t\t\n\n<div class=\"room_info\">\n\t\t\t\t\t\t<div class=\"room_info__single\">\n\t\t\t\t<i class=\"mtc stmicon-guest\"><\/i>\n\t\t\t\t<span class=\"ttc heading_font_family\">2<\/span>\n\t\t\t<\/div>\n\t\t\t\t\t\t\t\t\t\t\t<div class=\"room_info__single\">\n\t\t\t\t<i class=\"mtc stmicon-bed2\"><\/i>\n\t\t\t\t<span class=\"ttc heading_font_family\">80<\/span>\n\t\t\t<\/div>\n\t\t\t\t\t\t\t\t<div class=\"room_info__single\">\n\t\t\t\t<i class=\"mtc stmicon-ruler\"><\/i>\n\t\t\t\t<span class=\"ttc heading_font_family\">18<\/span>\n\t\t\t<\/div>\n\t\t\t<\/div>\n\n                    <\/div>\n                <\/div>\n            <\/div>\n\t\t\t\n            \n                            <div class=\"room\">\n                <div class=\"inner\">\n                    <div class=\"room__image\">\n                        <a href=\"https:\/\/milenium.info.pl\/index.php\/rooms\/pokoj-3-osobowy-1-pietro\/\">\n\t\t\t\t\t\t\t<img loading=\"lazy\" decoding=\"async\" srcset=\"https:\/\/milenium.info.pl\/wp-content\/uploads\/2020\/02\/MG_4583-740x420.jpg 2x\" class=\"\" src=\"https:\/\/milenium.info.pl\/wp-content\/uploads\/2020\/02\/MG_4583-370x210.jpg\" width=\"370\" height=\"210\" alt=\"_MG_4583\" title=\"_MG_4583\" \/>                            <div class=\"room__price mbc heading_font\">\n                                <span>330&#122;&#322;<\/span>\/Night                            <\/div>\n                        <\/a>\n                    <\/div>\n\n                    <div class=\"room__content\">\n                        <div class=\"room__title\">\n                            <h3>\n                                <a class=\"ttc no_deco mtc_h\" href=\"https:\/\/milenium.info.pl\/index.php\/rooms\/pokoj-3-osobowy-1-pietro\/\">\n\t\t\t\t\t\t\t\t\tPok\u00f3j 3 osobowy &#8211; 1 pi\u0119tro                                <\/a>\n                            <\/h3>\n                        <\/div>\n                        <div class=\"room__excerpt\">\n\t\t\t\t\t\t\tPok\u00f3j 3 osobowy w funkcjonalny i wygodny spos\u00f3b, zapewnia go\u015bciom komfortowy ...                        <\/div>\n\n\t\t\t\t\t\t\n\n<div class=\"room_info\">\n\t\t\t\t\t\t<div class=\"room_info__single\">\n\t\t\t\t<i class=\"mtc stmicon-guest\"><\/i>\n\t\t\t\t<span class=\"ttc heading_font_family\">3<\/span>\n\t\t\t<\/div>\n\t\t\t\t\t\t\t\t\t\t\t<div class=\"room_info__single\">\n\t\t\t\t<i class=\"mtc stmicon-bed2\"><\/i>\n\t\t\t\t<span class=\"ttc heading_font_family\">80<\/span>\n\t\t\t<\/div>\n\t\t\t\t\t\t\t\t<div class=\"room_info__single\">\n\t\t\t\t<i class=\"mtc stmicon-ruler\"><\/i>\n\t\t\t\t<span class=\"ttc heading_font_family\">20<\/span>\n\t\t\t<\/div>\n\t\t\t<\/div>\n\n                    <\/div>\n                <\/div>\n            <\/div>\n\t\t\t\n            \n                            <div class=\"room\">\n                <div class=\"inner\">\n                    <div class=\"room__image\">\n                        <a href=\"https:\/\/milenium.info.pl\/index.php\/rooms\/pokoj-3-osobowy-2-pietro\/\">\n\t\t\t\t\t\t\t<img loading=\"lazy\" decoding=\"async\" srcset=\"https:\/\/milenium.info.pl\/wp-content\/uploads\/2020\/02\/MG_4266-740x420.jpg 2x\" class=\"\" src=\"https:\/\/milenium.info.pl\/wp-content\/uploads\/2020\/02\/MG_4266-370x210.jpg\" width=\"370\" height=\"210\" alt=\"_MG_4266\" title=\"_MG_4266\" \/>                            <div class=\"room__price mbc heading_font\">\n                                <span>330&#122;&#322;<\/span>\/Night                            <\/div>\n                        <\/a>\n                    <\/div>\n\n                    <div class=\"room__content\">\n                        <div class=\"room__title\">\n                            <h3>\n                                <a class=\"ttc no_deco mtc_h\" href=\"https:\/\/milenium.info.pl\/index.php\/rooms\/pokoj-3-osobowy-2-pietro\/\">\n\t\t\t\t\t\t\t\t\tPok\u00f3j 3 osobowy &#8211; 2 pi\u0119tro                                <\/a>\n                            <\/h3>\n                        <\/div>\n                        <div class=\"room__excerpt\">\n\t\t\t\t\t\t\tPok\u00f3j 3 osobowy w funkcjonalny i wygodny spos\u00f3b, zapewnia go\u015bciom komfortowy ...                        <\/div>\n\n\t\t\t\t\t\t\n\n<div class=\"room_info\">\n\t\t\t\t\t\t<div class=\"room_info__single\">\n\t\t\t\t<i class=\"mtc stmicon-guest\"><\/i>\n\t\t\t\t<span class=\"ttc heading_font_family\">3<\/span>\n\t\t\t<\/div>\n\t\t\t\t\t\t\t\t\t\t\t<div class=\"room_info__single\">\n\t\t\t\t<i class=\"mtc stmicon-bed2\"><\/i>\n\t\t\t\t<span class=\"ttc heading_font_family\">80<\/span>\n\t\t\t<\/div>\n\t\t\t\t\t\t\t\t<div class=\"room_info__single\">\n\t\t\t\t<i class=\"mtc stmicon-ruler\"><\/i>\n\t\t\t\t<span class=\"ttc heading_font_family\">20<\/span>\n\t\t\t<\/div>\n\t\t\t<\/div>\n\n                    <\/div>\n                <\/div>\n            <\/div>\n\t\t\t\n            \n                            <div class=\"room\">\n                <div class=\"inner\">\n                    <div class=\"room__image\">\n                        <a href=\"https:\/\/milenium.info.pl\/index.php\/rooms\/pokoj-3-osobowy-parter\/\">\n\t\t\t\t\t\t\t<img loading=\"lazy\" decoding=\"async\" srcset=\"https:\/\/milenium.info.pl\/wp-content\/uploads\/2020\/02\/Katalog-bez-nazwy259A87090-740x420.jpg 2x\" class=\"\" src=\"https:\/\/milenium.info.pl\/wp-content\/uploads\/2020\/02\/Katalog-bez-nazwy259A87090-370x210.jpg\" width=\"370\" height=\"210\" alt=\"Katalog bez nazwy259A87090\" title=\"Katalog bez nazwy259A87090\" \/>                            <div class=\"room__price mbc heading_font\">\n                                <span>330&#122;&#322;<\/span>\/Night                            <\/div>\n                        <\/a>\n                    <\/div>\n\n                    <div class=\"room__content\">\n                        <div class=\"room__title\">\n                            <h3>\n                                <a class=\"ttc no_deco mtc_h\" href=\"https:\/\/milenium.info.pl\/index.php\/rooms\/pokoj-3-osobowy-parter\/\">\n\t\t\t\t\t\t\t\t\tPok\u00f3j 3 osobowy &#8211; parter                                <\/a>\n                            <\/h3>\n                        <\/div>\n                        <div class=\"room__excerpt\">\n\t\t\t\t\t\t\tPok\u00f3j 3 osobowy w funkcjonalny i wygodny spos\u00f3b, zapewnia go\u015bciom komfortowy ...                        <\/div>\n\n\t\t\t\t\t\t\n\n<div class=\"room_info\">\n\t\t\t\t\t\t<div class=\"room_info__single\">\n\t\t\t\t<i class=\"mtc stmicon-guest\"><\/i>\n\t\t\t\t<span class=\"ttc heading_font_family\">3<\/span>\n\t\t\t<\/div>\n\t\t\t\t\t\t\t\t\t\t\t<div class=\"room_info__single\">\n\t\t\t\t<i class=\"mtc stmicon-bed2\"><\/i>\n\t\t\t\t<span class=\"ttc heading_font_family\">80<\/span>\n\t\t\t<\/div>\n\t\t\t\t\t\t\t\t<div class=\"room_info__single\">\n\t\t\t\t<i class=\"mtc stmicon-ruler\"><\/i>\n\t\t\t\t<span class=\"ttc heading_font_family\">20<\/span>\n\t\t\t<\/div>\n\t\t\t<\/div>\n\n                    <\/div>\n                <\/div>\n            <\/div>\n\t\t\t\n            \n                            <div class=\"room\">\n                <div class=\"inner\">\n                    <div class=\"room__image\">\n                        <a href=\"https:\/\/milenium.info.pl\/index.php\/rooms\/studio-4-osobowe-1-pietro-2\/\">\n\t\t\t\t\t\t\t<img loading=\"lazy\" decoding=\"async\" srcset=\"https:\/\/milenium.info.pl\/wp-content\/uploads\/2020\/02\/MG_4381-740x420.jpg 2x\" class=\"\" src=\"https:\/\/milenium.info.pl\/wp-content\/uploads\/2020\/02\/MG_4381-370x210.jpg\" width=\"370\" height=\"210\" alt=\"_MG_4381\" title=\"_MG_4381\" \/>                            <div class=\"room__price mbc heading_font\">\n                                <span>440&#122;&#322;<\/span>\/Night                            <\/div>\n                        <\/a>\n                    <\/div>\n\n                    <div class=\"room__content\">\n                        <div class=\"room__title\">\n                            <h3>\n                                <a class=\"ttc no_deco mtc_h\" href=\"https:\/\/milenium.info.pl\/index.php\/rooms\/studio-4-osobowe-1-pietro-2\/\">\n\t\t\t\t\t\t\t\t\tStudio 4 osobowe &#8211; 1 pi\u0119tro                                <\/a>\n                            <\/h3>\n                        <\/div>\n                        <div class=\"room__excerpt\">\n\t\t\t\t\t\t\tPok\u00f3j typu studio sk\u0142ada si\u0119 z dw\u00f3ch pokoi przez co zapewnia go\u015bciom jeszcze ...                        <\/div>\n\n\t\t\t\t\t\t\n\n<div class=\"room_info\">\n\t\t\t\t\t\t<div class=\"room_info__single\">\n\t\t\t\t<i class=\"mtc stmicon-guest\"><\/i>\n\t\t\t\t<span class=\"ttc heading_font_family\">4<\/span>\n\t\t\t<\/div>\n\t\t\t\t\t\t\t\t\t\t\t<div class=\"room_info__single\">\n\t\t\t\t<i class=\"mtc stmicon-bed2\"><\/i>\n\t\t\t\t<span class=\"ttc heading_font_family\">80<\/span>\n\t\t\t<\/div>\n\t\t\t\t\t\t\t\t<div class=\"room_info__single\">\n\t\t\t\t<i class=\"mtc stmicon-ruler\"><\/i>\n\t\t\t\t<span class=\"ttc heading_font_family\">32<\/span>\n\t\t\t<\/div>\n\t\t\t<\/div>\n\n                    <\/div>\n                <\/div>\n            <\/div>\n\t\t\t\n            \n                            <div class=\"room\">\n                <div class=\"inner\">\n                    <div class=\"room__image\">\n                        <a href=\"https:\/\/milenium.info.pl\/index.php\/rooms\/studio-4-osobowe-2-pietro\/\">\n\t\t\t\t\t\t\t<img loading=\"lazy\" decoding=\"async\" srcset=\"https:\/\/milenium.info.pl\/wp-content\/uploads\/2020\/02\/MG_4366-740x420.jpg 2x\" class=\"\" src=\"https:\/\/milenium.info.pl\/wp-content\/uploads\/2020\/02\/MG_4366-370x210.jpg\" width=\"370\" height=\"210\" alt=\"_MG_4366\" title=\"_MG_4366\" \/>                            <div class=\"room__price mbc heading_font\">\n                                <span>440&#122;&#322;<\/span>\/Night                            <\/div>\n                        <\/a>\n                    <\/div>\n\n                    <div class=\"room__content\">\n                        <div class=\"room__title\">\n                            <h3>\n                                <a class=\"ttc no_deco mtc_h\" href=\"https:\/\/milenium.info.pl\/index.php\/rooms\/studio-4-osobowe-2-pietro\/\">\n\t\t\t\t\t\t\t\t\tStudio 4 osobowe &#8211; 2 pi\u0119tro                                <\/a>\n                            <\/h3>\n                        <\/div>\n                        <div class=\"room__excerpt\">\n\t\t\t\t\t\t\tPok\u00f3j typu studio sk\u0142ada si\u0119 z dw\u00f3ch pokoi przez co zapewnia go\u015bciom jeszcze ...                        <\/div>\n\n\t\t\t\t\t\t\n\n<div class=\"room_info\">\n\t\t\t\t\t\t<div class=\"room_info__single\">\n\t\t\t\t<i class=\"mtc stmicon-guest\"><\/i>\n\t\t\t\t<span class=\"ttc heading_font_family\">4<\/span>\n\t\t\t<\/div>\n\t\t\t\t\t\t\t\t\t\t\t<div class=\"room_info__single\">\n\t\t\t\t<i class=\"mtc stmicon-bed2\"><\/i>\n\t\t\t\t<span class=\"ttc heading_font_family\">80<\/span>\n\t\t\t<\/div>\n\t\t\t\t\t\t\t\t<div class=\"room_info__single\">\n\t\t\t\t<i class=\"mtc stmicon-ruler\"><\/i>\n\t\t\t\t<span class=\"ttc heading_font_family\">32<\/span>\n\t\t\t<\/div>\n\t\t\t<\/div>\n\n                    <\/div>\n                <\/div>\n            <\/div>\n\t\t\t\n            \n        \n            <\/div>\n<\/div>\n        \n        \n        \n    <\/form>\n\n\n<\/div>[\/vc_column_text][\/vc_column][vc_column width=&#8221;1\/3&#8243; shadow_x_offset=&#8221;0&#8243; shadow_y_offset=&#8221;0&#8243; shadow_blur=&#8221;0&#8243; shadow_spread=&#8221;0&#8243; shadow_color=&#8221;&#8221; el_class=&#8221;sm_pr_15 sm_pl_15&#8243; css=&#8221;.vc_custom_1530685780065{padding-right: 30px !important;}&#8221;][stm_sidebar sidebar=&#8221;381&#8243;][\/vc_column][\/vc_row]<\/p>\n","protected":false},"excerpt":{"rendered":"<p>[vc_row][vc_column width=&#8221;2\/3&#8243;][vc_column_text][\/vc_column_text][\/vc_column][vc_column width=&#8221;1\/3&#8243; shadow_x_offset=&#8221;0&#8243; shadow_y_offset=&#8221;0&#8243; shadow_blur=&#8221;0&#8243; shadow_spread=&#8221;0&#8243; shadow_color=&#8221;&#8221; el_class=&#8221;sm_pr_15 sm_pl_15&#8243; css=&#8221;.vc_custom_1530685780065{padding-right: 30px !important;}&#8221;][stm_sidebar sidebar=&#8221;381&#8243;][\/vc_column][\/vc_row]<\/p>\n","protected":false},"author":1,"featured_media":0,"parent":0,"menu_order":0,"comment_status":"closed","ping_status":"closed","template":"","meta":{"footnotes":""},"class_list":["post-41","page","type-page","status-publish","hentry"],"_links":{"self":[{"href":"https:\/\/milenium.info.pl\/index.php\/wp-json\/wp\/v2\/pages\/41","targetHints":{"allow":["GET"]}}],"collection":[{"href":"https:\/\/milenium.info.pl\/index.php\/wp-json\/wp\/v2\/pages"}],"about":[{"href":"https:\/\/milenium.info.pl\/index.php\/wp-json\/wp\/v2\/types\/page"}],"author":[{"embeddable":true,"href":"https:\/\/milenium.info.pl\/index.php\/wp-json\/wp\/v2\/users\/1"}],"replies":[{"embeddable":true,"href":"https:\/\/milenium.info.pl\/index.php\/wp-json\/wp\/v2\/comments?post=41"}],"version-history":[{"count":0,"href":"https:\/\/milenium.info.pl\/index.php\/wp-json\/wp\/v2\/pages\/41\/revisions"}],"wp:attachment":[{"href":"https:\/\/milenium.info.pl\/index.php\/wp-json\/wp\/v2\/media?parent=41"}],"curies":[{"name":"wp","href":"https:\/\/api.w.org\/{rel}","templated":true}]}}