{"id":7,"date":"2018-05-25T04:39:02","date_gmt":"2018-05-25T04:39:02","guid":{"rendered":"http:\/\/multipurpose.loc\/hotel\/?page_id=7"},"modified":"2022-01-12T13:15:26","modified_gmt":"2022-01-12T12:15:26","slug":"front-page","status":"publish","type":"page","link":"https:\/\/milenium.info.pl\/","title":{"rendered":"Front page"},"content":{"rendered":"<p>[vc_row full_width=&#8221;stretch_row&#8221; shadow_x_offset=&#8221;0&#8243; shadow_y_offset=&#8221;0&#8243; shadow_blur=&#8221;0&#8243; shadow_spread=&#8221;0&#8243; shadow_color=&#8221;&#8221; el_class=&#8221;overlap&#8221;][vc_column shadow_x_offset=&#8221;0&#8243; shadow_y_offset=&#8221;0&#8243; shadow_blur=&#8221;0&#8243; shadow_spread=&#8221;0&#8243; offset=&#8221;vc_col-lg-offset-1 vc_col-lg-10 vc_col-md-offset-1 vc_col-md-10 vc_col-xs-12&#8243;][rev_slider_vc alias=&#8221;home&#8221;][\/vc_column][\/vc_row][vc_section css=&#8221;.vc_custom_1538719318483{margin-top: -35px !important;background-image: url(http:\/\/hotello.stylemixthemes.com\/demoimages\/esperanza\/pat2.png?id=1308) !important;}&#8221; el_class=&#8221;fixed_bg&#8221;][vc_row full_width=&#8221;stretch_row&#8221; shadow_x_offset=&#8221;0&#8243; shadow_y_offset=&#8221;0&#8243; shadow_blur=&#8221;0&#8243; shadow_spread=&#8221;0&#8243; shadow_color=&#8221;&#8221; el_class=&#8221;overlap&#8221; css=&#8221;.vc_custom_1533026956511{margin-right: 0px !important;margin-left: 0px !important;padding-right: 15px !important;padding-left: 15px !important;}&#8221;][vc_column css_animation=&#8221;none&#8221; shadow_x_offset=&#8221;&#8221; shadow_y_offset=&#8221;&#8221; shadow_blur=&#8221;&#8221; shadow_spread=&#8221;&#8221; shadow_color=&#8221;&#8221; offset=&#8221;vc_col-lg-offset-0 vc_col-lg-12 vc_col-md-offset-0 vc_col-md-12 vc_col-xs-12&#8243; css=&#8221;.vc_custom_1538048195465{margin-top: -101px !important;}&#8221;][stm_wp_hotelier_form title=&#8221;&#8221; guests=&#8221;5&#8243; children=&#8221;5&#8243; css=&#8221;.vc_custom_1641989725777{padding-top: 51px !important;padding-right: 41px !important;padding-bottom: 54px !important;padding-left: 30px !important;background-color: #ffffff !important;}&#8221;][\/vc_column][\/vc_row][vc_row][vc_column][stm_spacer height=&#8221;124&#8243; height_tablet=&#8221;100&#8243; height_mobile=&#8221;100&#8243;][vc_custom_heading text=&#8221;Specjalnie dla Ciebie&#8221; font_container=&#8221;tag:h2|text_align:center&#8221; use_theme_fonts=&#8221;yes&#8221; heading_icon=&#8221;stmicon-haircut&#8221; heading_icon_color=&#8221;ttc&#8221;][\/vc_column][\/vc_row][vc_row equal_height=&#8221;yes&#8221; shadow_x_offset=&#8221;0&#8243; shadow_y_offset=&#8221;0&#8243; shadow_blur=&#8221;0&#8243; shadow_spread=&#8221;0&#8243; shadow_color=&#8221;&#8221; css=&#8221;.vc_custom_1538027219361{padding-top: 27px !important;padding-right: 30px !important;padding-left: 30px !important;}&#8221; el_class=&#8221;sm_ml_0 sm_mr_0&#8243;][vc_column css_animation=&#8221;none&#8221; width=&#8221;1\/2&#8243; shadow_x_offset=&#8221;0&#8243; shadow_y_offset=&#8221;0&#8243; shadow_blur=&#8221;0&#8243; shadow_spread=&#8221;0&#8243; shadow_color=&#8221;&#8221; css=&#8221;.vc_custom_1614957631101{background-image: url(https:\/\/milenium.info.pl\/wp-content\/uploads\/2020\/02\/MG_4258-1.jpg?id=1471) !important;background-position: center !important;background-repeat: no-repeat !important;background-size: cover !important;}&#8221; offset=&#8221;vc_col-lg-offset-0 vc_col-lg-6 vc_col-md-offset-0 vc_col-md-6 vc_col-xs-12&#8243; el_class=&#8221;stm_zoom_bg&#8221;][stm_spacer height=&#8221;0&#8243; height_tablet=&#8221;0&#8243; height_mobile=&#8221;350&#8243;][\/vc_column][vc_column css_animation=&#8221;none&#8221; width=&#8221;1\/2&#8243; shadow_x_offset=&#8221;0&#8243; shadow_y_offset=&#8221;0&#8243; shadow_blur=&#8221;0&#8243; shadow_spread=&#8221;0&#8243; shadow_color=&#8221;&#8221; css=&#8221;.vc_custom_1538027326972{padding-top: 0px !important;background-color: #ffffff !important;}&#8221; offset=&#8221;vc_col-lg-6 vc_col-md-6 vc_col-xs-12&#8243;][vc_row_inner][vc_column_inner shadow_x_offset=&#8221;0&#8243; shadow_y_offset=&#8221;0&#8243; shadow_blur=&#8221;0&#8243; shadow_spread=&#8221;0&#8243; shadow_color=&#8221;&#8221; offset=&#8221;vc_col-lg-offset-0 vc_col-lg-12 vc_col-md-offset-0 vc_col-md-12 vc_col-xs-12&#8243; css=&#8221;.vc_custom_1538027472213{padding-top: 0px !important;}&#8221;][stm_spacer height=&#8221;73&#8243; height_mobile=&#8221;50&#8243; height_tablet_landscape=&#8221;0&#8243; height_tablet=&#8221;60&#8243;][vc_custom_heading text=&#8221;NASZE POKOJE&#8221; font_container=&#8221;tag:h4|text_align:center&#8221; use_theme_fonts=&#8221;yes&#8221; css=&#8221;.vc_custom_1581781722776{margin-bottom: 30px !important;}&#8221;][vc_column_text css=&#8221;.vc_custom_1581781700426{margin-bottom: 44px !important;padding-right: 45px !important;padding-left: 45px !important;}&#8221; el_class=&#8221;sm_pl_15 sm_pr_15&#8243;]<\/p>\n<p style=\"text-align: center;\">W ka\u017cdym pokoju znajduje si\u0119 \u0142azienka z toalet\u0105, umywalk\u0105, prysznicem i suszark\u0105 do w\u0142os\u00f3w oraz 32 calowy telewizor, czajnik i lod\u00f3wka. Wszystkie pokoje na pierwszej i drugiej kondygnacji posiadaj\u0105 balkony.<\/p>\n<p>[\/vc_column_text][stm_button button_style=&#8221;outline&#8221; button_size=&#8221;lg&#8221; button_pos=&#8221;center&#8221; button_icon_pos=&#8221;left&#8221; button_icon=&#8221;stmicon-arrow_forward&#8221; button_icon_class=&#8221;custom&#8221; button_icon_color=&#8221;#ffac41&#8243; button_icon_color_hover=&#8221;#ffffff&#8221; button_icon_size=&#8221;20&#8243; link=&#8221;url:http%3A%2F%2Fmilenium.info.pl%2Findex.php%2Frooms-list-2%2F|||&#8221;][stm_spacer height=&#8221;60&#8243; height_mobile=&#8221;40&#8243; height_tablet_landscape=&#8221;0&#8243; height_tablet=&#8221;50&#8243;][\/vc_column_inner][\/vc_row_inner][\/vc_column][\/vc_row][vc_row][vc_column][stm_spacer height=&#8221;0&#8243; height_tablet=&#8221;0&#8243; height_mobile=&#8221;50&#8243;][\/vc_column][\/vc_row][vc_row equal_height=&#8221;yes&#8221; shadow_x_offset=&#8221;0&#8243; shadow_y_offset=&#8221;0&#8243; shadow_blur=&#8221;0&#8243; shadow_spread=&#8221;0&#8243; shadow_color=&#8221;&#8221; css=&#8221;.vc_custom_1538027425183{padding-right: 30px !important;padding-left: 30px !important;}&#8221; el_class=&#8221;sm_ml_0 sm_mr_0&#8243;][vc_column css_animation=&#8221;none&#8221; width=&#8221;1\/2&#8243; shadow_x_offset=&#8221;0&#8243; shadow_y_offset=&#8221;0&#8243; shadow_blur=&#8221;0&#8243; shadow_spread=&#8221;0&#8243; shadow_color=&#8221;&#8221; css=&#8221;.vc_custom_1538027370250{padding-top: 0px !important;background-color: #ffffff !important;}&#8221; offset=&#8221;vc_col-lg-offset-0 vc_col-lg-6 vc_col-md-offset-0 vc_col-md-6 vc_col-xs-12&#8243;][vc_row_inner][vc_column_inner shadow_x_offset=&#8221;0&#8243; shadow_y_offset=&#8221;0&#8243; shadow_blur=&#8221;0&#8243; shadow_spread=&#8221;0&#8243; shadow_color=&#8221;&#8221; offset=&#8221;vc_col-lg-offset-0 vc_col-lg-12 vc_col-md-offset-0 vc_col-md-12 vc_col-xs-12&#8243; css=&#8221;.vc_custom_1538027485079{padding-top: 0px !important;}&#8221;][stm_spacer height=&#8221;73&#8243; height_mobile=&#8221;50&#8243; height_tablet_landscape=&#8221;0&#8243; height_tablet=&#8221;60&#8243;][vc_custom_heading text=&#8221;DU\u017bY OGR\u00d3D&#8221; font_container=&#8221;tag:h4|text_align:center&#8221; use_theme_fonts=&#8221;yes&#8221; css=&#8221;.vc_custom_1581782205342{margin-bottom: 30px !important;}&#8221;][vc_column_text css=&#8221;.vc_custom_1581782178384{margin-bottom: 44px !important;padding-right: 45px !important;padding-left: 45px !important;}&#8221; el_class=&#8221;sm_pl_15 sm_pr_15&#8243;]<\/p>\n<p style=\"text-align: center;\">Do dyspozycji naszych go\u015bci jest du\u017ce, ogrodzenie podw\u00f3rko z miejscem na grilla i altank\u0105.<\/p>\n<p>[\/vc_column_text][stm_button button_style=&#8221;outline&#8221; button_size=&#8221;lg&#8221; button_pos=&#8221;center&#8221; button_icon_pos=&#8221;left&#8221; button_icon=&#8221;stmicon-arrow_forward&#8221; button_icon_class=&#8221;custom&#8221; button_icon_color=&#8221;#ffac41&#8243; button_icon_color_hover=&#8221;#ffffff&#8221; button_icon_size=&#8221;20&#8243; link=&#8221;url:%23|||&#8221;][stm_spacer height=&#8221;60&#8243; height_mobile=&#8221;40&#8243; height_tablet_landscape=&#8221;0&#8243; height_tablet=&#8221;50&#8243;][\/vc_column_inner][\/vc_row_inner][\/vc_column][vc_column css_animation=&#8221;none&#8221; width=&#8221;1\/2&#8243; shadow_x_offset=&#8221;0&#8243; shadow_y_offset=&#8221;0&#8243; shadow_blur=&#8221;0&#8243; shadow_spread=&#8221;0&#8243; shadow_color=&#8221;&#8221; css=&#8221;.vc_custom_1589446331571{background-image: url(https:\/\/milenium.info.pl\/wp-content\/uploads\/2020\/05\/IMG-20200514-WA0020-01.jpeg?id=1622) !important;background-position: center !important;background-repeat: no-repeat !important;background-size: cover !important;}&#8221; offset=&#8221;vc_col-lg-offset-0 vc_col-lg-6 vc_col-md-offset-0 vc_col-md-6 vc_col-xs-12&#8243; el_class=&#8221;stm_zoom_bg&#8221;][stm_spacer height=&#8221;0&#8243; height_tablet=&#8221;0&#8243; height_mobile=&#8221;350&#8243;][\/vc_column][\/vc_row][vc_row][vc_column][stm_spacer height=&#8221;0&#8243; height_tablet=&#8221;0&#8243; height_mobile=&#8221;50&#8243;][\/vc_column][\/vc_row][vc_row equal_height=&#8221;yes&#8221; shadow_x_offset=&#8221;0&#8243; shadow_y_offset=&#8221;0&#8243; shadow_blur=&#8221;0&#8243; shadow_spread=&#8221;0&#8243; shadow_color=&#8221;&#8221; css=&#8221;.vc_custom_1538027432371{padding-right: 30px !important;padding-left: 30px !important;}&#8221; el_class=&#8221;sm_ml_0 sm_mr_0&#8243;][vc_column css_animation=&#8221;none&#8221; width=&#8221;1\/2&#8243; shadow_x_offset=&#8221;0&#8243; shadow_y_offset=&#8221;0&#8243; shadow_blur=&#8221;0&#8243; shadow_spread=&#8221;0&#8243; shadow_color=&#8221;&#8221; css=&#8221;.vc_custom_1614957683695{background-image: url(https:\/\/milenium.info.pl\/wp-content\/uploads\/2020\/02\/IMG_20190331_163714-scaled.jpg?id=1419) !important;background-position: center !important;background-repeat: no-repeat !important;background-size: cover !important;}&#8221; offset=&#8221;vc_col-lg-offset-0 vc_col-lg-6 vc_col-md-offset-0 vc_col-md-6 vc_col-xs-12&#8243; el_class=&#8221;stm_zoom_bg&#8221;][stm_spacer height=&#8221;0&#8243; height_tablet=&#8221;0&#8243; height_mobile=&#8221;350&#8243;][\/vc_column][vc_column css_animation=&#8221;none&#8221; width=&#8221;1\/2&#8243; shadow_x_offset=&#8221;0&#8243; shadow_y_offset=&#8221;0&#8243; shadow_blur=&#8221;0&#8243; shadow_spread=&#8221;0&#8243; shadow_color=&#8221;&#8221; css=&#8221;.vc_custom_1538027392124{padding-top: 0px !important;background-color: #ffffff !important;}&#8221; offset=&#8221;vc_col-lg-6 vc_col-md-6 vc_col-xs-12&#8243;][vc_row_inner][vc_column_inner shadow_x_offset=&#8221;0&#8243; shadow_y_offset=&#8221;0&#8243; shadow_blur=&#8221;0&#8243; shadow_spread=&#8221;0&#8243; shadow_color=&#8221;&#8221; offset=&#8221;vc_col-lg-offset-0 vc_col-lg-12 vc_col-md-offset-0 vc_col-md-12 vc_col-xs-12&#8243; css=&#8221;.vc_custom_1538027496996{padding-top: 0px !important;}&#8221;][stm_spacer height=&#8221;73&#8243; height_mobile=&#8221;50&#8243; height_tablet_landscape=&#8221;0&#8243; height_tablet=&#8221;60&#8243;][vc_custom_heading text=&#8221;\u015aWIETLICA&#8221; font_container=&#8221;tag:h4|text_align:center&#8221; use_theme_fonts=&#8221;yes&#8221; css=&#8221;.vc_custom_1581782510823{margin-bottom: 30px !important;}&#8221;][vc_column_text css=&#8221;.vc_custom_1581782479593{margin-bottom: 44px !important;padding-right: 45px !important;padding-left: 45px !important;}&#8221; el_class=&#8221;sm_pl_15 sm_pr_15&#8243;]<\/p>\n<p style=\"text-align: center;\">Na ostatnim pi\u0119trze znajduje si\u0119 du\u017ca \u015bwietlica b\u0119d\u0105ca miejscem integracyjnym dla naszych go\u015bci.<\/p>\n<p>[\/vc_column_text][stm_button button_style=&#8221;outline&#8221; button_size=&#8221;lg&#8221; button_pos=&#8221;center&#8221; button_icon_pos=&#8221;left&#8221; button_icon=&#8221;stmicon-arrow_forward&#8221; button_icon_class=&#8221;custom&#8221; button_icon_color=&#8221;#ffac41&#8243; button_icon_color_hover=&#8221;#ffffff&#8221; button_icon_size=&#8221;20&#8243; link=&#8221;url:%23|||&#8221;][stm_spacer height=&#8221;60&#8243; height_mobile=&#8221;40&#8243; height_tablet_landscape=&#8221;0&#8243; height_tablet=&#8221;50&#8243;][\/vc_column_inner][\/vc_row_inner][\/vc_column][\/vc_row][vc_row][vc_column][stm_spacer height=&#8221;90&#8243; height_tablet=&#8221;70&#8243; height_mobile=&#8221;50&#8243;][\/vc_column][\/vc_row][\/vc_section][vc_section css=&#8221;.vc_custom_1537869517070{padding-top: 0px !important;}&#8221;][vc_row full_width=&#8221;stretch_row&#8221; shadow_x_offset=&#8221;0&#8243; shadow_y_offset=&#8221;0&#8243; shadow_blur=&#8221;0&#8243; shadow_spread=&#8221;0&#8243; shadow_color=&#8221;&#8221; css=&#8221;.vc_custom_1537868599538{background-color: #3a3138 !important;}&#8221;][vc_column][stm_spacer height=&#8221;493&#8243;][\/vc_column][\/vc_row][vc_row full_width=&#8221;stretch_row&#8221; shadow_x_offset=&#8221;0&#8243; shadow_y_offset=&#8221;0&#8243; shadow_blur=&#8221;0&#8243; shadow_spread=&#8221;0&#8243; shadow_color=&#8221;&#8221; css=&#8221;.vc_custom_1538719455163{padding-bottom: 34px !important;background-image: url(http:\/\/hotello.stylemixthemes.com\/demoimages\/esperanza\/pat2.png?id=1308) !important;background-position: 0 0 !important;background-repeat: repeat !important;}&#8221; el_class=&#8221;fixed_bg&#8221;][vc_column shadow_x_offset=&#8221;0&#8243; shadow_y_offset=&#8221;0&#8243; shadow_blur=&#8221;0&#8243; shadow_spread=&#8221;0&#8243; shadow_color=&#8221;&#8221; css=&#8221;.vc_custom_1538651803192{margin-top: -440px !important;}&#8221;][vc_icon icon_fontawesome=&#8221;stmicon-haircut&#8221; color=&#8221;white&#8221; align=&#8221;center&#8221; css=&#8221;.vc_custom_1538651827994{margin-bottom: 10px !important;}&#8221;][vc_column_text css=&#8221;.vc_custom_1581848138540{margin-bottom: 21px !important;}&#8221;]<\/p>\n<h2 style=\"text-align: center;\"><span style=\"color: #ffffff;\">Nasze pokoje<\/span><\/h2>\n<p>[\/vc_column_text][stm_wp_hotelier_rooms_list per_page=&#8221;3&#8243; custom_class=&#8221;white_nav&#8221;][\/vc_column][\/vc_row][\/vc_section][vc_section css=&#8221;.vc_custom_1537869517070{padding-top: 0px !important;}&#8221;][vc_row full_width=&#8221;stretch_row&#8221; shadow_x_offset=&#8221;0&#8243; shadow_y_offset=&#8221;0&#8243; shadow_blur=&#8221;0&#8243; shadow_spread=&#8221;0&#8243; shadow_color=&#8221;&#8221; css=&#8221;.vc_custom_1537940056087{background-position: 0 0 !important;background-repeat: repeat !important;}&#8221;][vc_column width=&#8221;1\/4&#8243; shadow_x_offset=&#8221;0&#8243; shadow_y_offset=&#8221;0&#8243; shadow_blur=&#8221;0&#8243; shadow_spread=&#8221;0&#8243; shadow_color=&#8221;&#8221;][\/vc_column][vc_column width=&#8221;1\/4&#8243;][\/vc_column][\/vc_row][\/vc_section][vc_section full_width=&#8221;stretch_row&#8221; css=&#8221;.vc_custom_1537940429032{padding-top: 0px !important;background-color: #3a3138 !important;}&#8221;][vc_row full_width=&#8221;stretch_row&#8221; shadow_x_offset=&#8221;0&#8243; shadow_y_offset=&#8221;0&#8243; shadow_blur=&#8221;0&#8243; shadow_spread=&#8221;0&#8243; shadow_color=&#8221;&#8221; css=&#8221;.vc_custom_1537940056087{background-position: 0 0 !important;background-repeat: repeat !important;}&#8221;][vc_column width=&#8221;1\/4&#8243; shadow_x_offset=&#8221;0&#8243; shadow_y_offset=&#8221;0&#8243; shadow_blur=&#8221;0&#8243; shadow_spread=&#8221;0&#8243; shadow_color=&#8221;&#8221;][\/vc_column][vc_column width=&#8221;1\/2&#8243;][stm_spacer height=&#8221;118&#8243; height_tablet=&#8221;100&#8243; height_mobile=&#8221;100&#8243;][vc_custom_heading text=&#8221;Galeria obiektu&#8221; font_container=&#8221;tag:h2|text_align:center|color:%23ffffff&#8221; use_theme_fonts=&#8221;yes&#8221; heading_icon=&#8221;stmicon-haircut&#8221; heading_icon_color=&#8221;mtc&#8221; css=&#8221;.vc_custom_1581782772831{margin-bottom: 45px !important;}&#8221;][\/vc_column][vc_column width=&#8221;1\/4&#8243;][\/vc_column][\/vc_row][vc_row][vc_column][stm_carousel_gallery images_effect=&#8221;0&#8243; lightgallery=&#8221;disable&#8221; images_margin=&#8221;30&#8243; autoscroll=&#8221;disable&#8221; thumbnails=&#8221;disable&#8221; visibility=&#8221;enable&#8221; description=&#8221;disable&#8221; images=&#8221;1425,1426,1427,1429,1430,1432&#8243; image_size=&#8221;1170&#215;660&#8243;][\/vc_column][\/vc_row][\/vc_section][vc_section css=&#8221;.vc_custom_1538719467342{background-image: url(http:\/\/hotello.stylemixthemes.com\/demoimages\/esperanza\/pat2.png?id=1308) !important;background-position: 0 0 !important;background-repeat: repeat !important;}&#8221; el_class=&#8221;fixed_bg&#8221;][vc_row][vc_column][stm_spacer height=&#8221;99&#8243; height_tablet=&#8221;70&#8243; height_mobile=&#8221;50&#8243;][vc_custom_heading text=&#8221;Opinie Go\u015bci&#8221; font_container=&#8221;tag:h2|text_align:center&#8221; use_theme_fonts=&#8221;yes&#8221; heading_icon=&#8221;stmicon-haircut&#8221; heading_icon_color=&#8221;ttc&#8221;][stm_spacer height=&#8221;40&#8243; height_tablet=&#8221;30&#8243; height_mobile=&#8221;20&#8243;][\/vc_column][\/vc_row][vc_row][vc_column][stm_testimonials number_row=&#8221;3&#8243; margin=&#8221;50&#8243; bullets=&#8221;false&#8221; img_size=&#8221;80&#215;80&#8243; number=&#8221;6&#8243;][stm_spacer height=&#8221;82&#8243; height_tablet=&#8221;60&#8243; height_mobile=&#8221;50&#8243;][\/vc_column][\/vc_row][\/vc_section][vc_section css=&#8221;.vc_custom_1537953987339{padding-top: 0px !important;}&#8221;][vc_row equal_height=&#8221;yes&#8221; content_placement=&#8221;middle&#8221; shadow_x_offset=&#8221;0&#8243; shadow_y_offset=&#8221;0&#8243; shadow_blur=&#8221;0&#8243; shadow_spread=&#8221;0&#8243;][vc_column width=&#8221;1\/2&#8243; shadow_x_offset=&#8221;0&#8243; shadow_y_offset=&#8221;0&#8243; shadow_blur=&#8221;0&#8243; shadow_spread=&#8221;0&#8243; shadow_color=&#8221;&#8221; css=&#8221;.vc_custom_1538732051015{padding-right: 50px !important;}&#8221; offset=&#8221;vc_col-lg-4 vc_col-md-4 vc_col-xs-12&#8243; el_class=&#8221;xs_reset_paddings&#8221;][stm_spacer height=&#8221;20&#8243;][vc_column_text]<\/p>\n<h3 class=\"xs-text-center\" style=\"font-size: 48px; line-height: 45px; text-align: center;\">W najbli\u017cszej okolicy<\/h3>\n<p>[\/vc_column_text][stm_spacer height=&#8221;43&#8243; height_tablet=&#8221;10&#8243; height_mobile=&#8221;10&#8243;][stm_icon_box icon=&#8221;stmicon-cultural&#8221; icon_class=&#8221;custom&#8221; icon_color=&#8221;#fb2920&#8243; icon_size=&#8221;46&#8243; icon_height=&#8221;60&#8243; icon_width=&#8221;65&#8243; title=&#8221;Centrum miejscowo\u015bci&#8221; title_fsz=&#8221;22px&#8221;]<\/p>\n<h6><span style=\"color: #222222; opacity: 0.6;\">3 MINUTY PIESZO<\/span><\/h6>\n<p>[\/stm_icon_box][stm_spacer height=&#8221;21&#8243; height_tablet=&#8221;20&#8243; height_mobile=&#8221;20&#8243;][stm_icon_box icon=&#8221;stmicon-beach_access&#8221; icon_class=&#8221;custom&#8221; icon_color=&#8221;#49a3b9&#8243; icon_size=&#8221;34&#8243; icon_height=&#8221;60&#8243; icon_width=&#8221;65&#8243; title=&#8221;Pla\u017ca&#8221; title_fsz=&#8221;22px&#8221;]<\/p>\n<h6><span style=\"color: #222222; opacity: 0.6;\">5 MINUT PIESZO<\/span><\/h6>\n<p>[\/stm_icon_box][stm_spacer height=&#8221;26&#8243; height_tablet=&#8221;25&#8243; height_mobile=&#8221;20&#8243;][stm_icon_box icon=&#8221;fa fa-bus&#8221; icon_class=&#8221;custom&#8221; icon_color=&#8221;#60e15a&#8221; icon_size=&#8221;46&#8243; icon_height=&#8221;60&#8243; icon_width=&#8221;65&#8243; title=&#8221;Dworzec autobusowy&#8221; title_fsz=&#8221;22px&#8221;]<\/p>\n<h6><span style=\"color: #222222; opacity: 0.6;\">10 MINUT PIESZO<\/span><\/h6>\n<p>[\/stm_icon_box][stm_spacer height=&#8221;22&#8243; height_tablet=&#8221;20&#8243; height_mobile=&#8221;20&#8243;][stm_icon_box icon=&#8221;stmicon-hotel_fast-food&#8221; icon_class=&#8221;custom&#8221; icon_color=&#8221;#f3c434&#8243; icon_size=&#8221;45&#8243; icon_height=&#8221;60&#8243; icon_width=&#8221;65&#8243; title=&#8221;Gastronomia&#8221; title_fsz=&#8221;22px&#8221;]<\/p>\n<h6><span style=\"color: #222222; opacity: 0.6;\">3 MINUTY PIESZO<\/span><\/h6>\n<p>[\/stm_icon_box][stm_spacer height=&#8221;30&#8243; height_tablet=&#8221;30&#8243; height_mobile=&#8221;30&#8243;][\/vc_column][vc_column stretch=&#8221;right&#8221; width=&#8221;1\/2&#8243; shadow_x_offset=&#8221;0&#8243; shadow_y_offset=&#8221;0&#8243; shadow_blur=&#8221;0&#8243; shadow_spread=&#8221;0&#8243; shadow_color=&#8221;&#8221; offset=&#8221;vc_col-lg-8 vc_col-md-8 vc_col-xs-12&#8243;][stm_spacer height=&#8221;20&#8243;][vc_gmaps link=&#8221;#E-8_JTNDaWZyYW1lJTIwc3JjJTNEJTIyaHR0cHMlM0ElMkYlMkZ3d3cuZ29vZ2xlLmNvbSUyRm1hcHMlMkZlbWJlZCUzRnBiJTNEJTIxMW0xOCUyMTFtMTIlMjExbTMlMjExZDI1NTMuODMzMzMyNDE0ODIlMjEyZDE0LjkyNjk5MTEwOTUxNTcwNiUyMTNkNTQuMDU4MjE1ODkyMjc0NjglMjEybTMlMjExZjAlMjEyZjAlMjEzZjAlMjEzbTIlMjExaTEwMjQlMjEyaTc2OCUyMTRmMTMuMSUyMTNtMyUyMTFtMiUyMTFzMHgwJTI1M0EweGMwMmFjNzE1YTVhZTJlNGUlMjEyc0RvbSUyNTIwZ28lMjVDNSUyNTlCY2lubnklMjUyME1pbGVuaXVtJTIxNWUwJTIxM20yJTIxMXNwbCUyMTJzcGwlMjE0djE1ODE4MDcwMDAwMjAlMjE1bTIlMjExc3BsJTIxMnNwbCUyMiUyMHdpZHRoJTNEJTIyNjAwJTIyJTIwaGVpZ2h0JTNEJTIyNDUwJTIyJTIwZnJhbWVib3JkZXIlM0QlMjIwJTIyJTIwc3R5bGUlM0QlMjJib3JkZXIlM0EwJTNCJTIyJTIwYWxsb3dmdWxsc2NyZWVuJTNEJTIyJTIyJTNFJTNDJTJGaWZyYW1lJTNF&#8221;][\/vc_column][\/vc_row][\/vc_section][vc_section css=&#8221;.vc_custom_1537946414736{margin-bottom: -60px !important;padding-top: 0px !important;}&#8221;][\/vc_section]<\/p>\n","protected":false},"excerpt":{"rendered":"<p>[vc_row full_width=&#8221;stretch_row&#8221; shadow_x_offset=&#8221;0&#8243; shadow_y_offset=&#8221;0&#8243; shadow_blur=&#8221;0&#8243; shadow_spread=&#8221;0&#8243; shadow_color=&#8221;&#8221; el_class=&#8221;overlap&#8221;][vc_column shadow_x_offset=&#8221;0&#8243; shadow_y_offset=&#8221;0&#8243; shadow_blur=&#8221;0&#8243; shadow_spread=&#8221;0&#8243; offset=&#8221;vc_col-lg-offset-1 vc_col-lg-10 vc_col-md-offset-1 vc_col-md-10 vc_col-xs-12&#8243;][rev_slider_vc alias=&#8221;home&#8221;][\/vc_column][\/vc_row][vc_section css=&#8221;.vc_custom_1538719318483{margin-top: -35px !important;background-image: url(http:\/\/hotello.stylemixthemes.com\/demoimages\/esperanza\/pat2.png?id=1308) !important;}&#8221; el_class=&#8221;fixed_bg&#8221;][vc_row full_width=&#8221;stretch_row&#8221; shadow_x_offset=&#8221;0&#8243; shadow_y_offset=&#8221;0&#8243; shadow_blur=&#8221;0&#8243; shadow_spread=&#8221;0&#8243; shadow_color=&#8221;&#8221; el_class=&#8221;overlap&#8221; css=&#8221;.vc_custom_1533026956511{margin-right: 0px !important;margin-left: 0px !important;padding-right: 15px !important;padding-left: 15px !important;}&#8221;][vc_column css_animation=&#8221;none&#8221; shadow_x_offset=&#8221;&#8221; shadow_y_offset=&#8221;&#8221; shadow_blur=&#8221;&#8221; shadow_spread=&#8221;&#8221; shadow_color=&#8221;&#8221; offset=&#8221;vc_col-lg-offset-0 vc_col-lg-12 vc_col-md-offset-0 vc_col-md-12 vc_col-xs-12&#8243; css=&#8221;.vc_custom_1538048195465{margin-top: -101px !important;}&#8221;][stm_wp_hotelier_form title=&#8221;&#8221; [&hellip;]<\/p>\n","protected":false},"author":1,"featured_media":0,"parent":0,"menu_order":0,"comment_status":"closed","ping_status":"closed","template":"","meta":{"footnotes":""},"class_list":["post-7","page","type-page","status-publish","hentry"],"_links":{"self":[{"href":"https:\/\/milenium.info.pl\/index.php\/wp-json\/wp\/v2\/pages\/7","targetHints":{"allow":["GET"]}}],"collection":[{"href":"https:\/\/milenium.info.pl\/index.php\/wp-json\/wp\/v2\/pages"}],"about":[{"href":"https:\/\/milenium.info.pl\/index.php\/wp-json\/wp\/v2\/types\/page"}],"author":[{"embeddable":true,"href":"https:\/\/milenium.info.pl\/index.php\/wp-json\/wp\/v2\/users\/1"}],"replies":[{"embeddable":true,"href":"https:\/\/milenium.info.pl\/index.php\/wp-json\/wp\/v2\/comments?post=7"}],"version-history":[{"count":18,"href":"https:\/\/milenium.info.pl\/index.php\/wp-json\/wp\/v2\/pages\/7\/revisions"}],"predecessor-version":[{"id":1764,"href":"https:\/\/milenium.info.pl\/index.php\/wp-json\/wp\/v2\/pages\/7\/revisions\/1764"}],"wp:attachment":[{"href":"https:\/\/milenium.info.pl\/index.php\/wp-json\/wp\/v2\/media?parent=7"}],"curies":[{"name":"wp","href":"https:\/\/api.w.org\/{rel}","templated":true}]}}